{"id":54,"date":"2026-02-08T17:57:21","date_gmt":"2026-02-08T17:57:21","guid":{"rendered":"https:\/\/ornoircanada.com\/?page_id=54"},"modified":"2026-02-09T02:41:58","modified_gmt":"2026-02-09T02:41:58","slug":"nos-services","status":"publish","type":"page","link":"https:\/\/ornoircanada.com\/","title":{"rendered":"Nos Services"},"content":{"rendered":"<p><img loading=\"lazy\" decoding=\"async\" class=\"alignnone  wp-image-126\" src=\"https:\/\/ornoircanada.com\/wp-content\/uploads\/2026\/02\/20230314_120204-1-scaled.png\" alt=\"\" width=\"663\" height=\"770\" srcset=\"https:\/\/ornoircanada.com\/wp-content\/uploads\/2026\/02\/20230314_120204-1-scaled.png 2205w, https:\/\/ornoircanada.com\/wp-content\/uploads\/2026\/02\/20230314_120204-1-258x300.png 258w, https:\/\/ornoircanada.com\/wp-content\/uploads\/2026\/02\/20230314_120204-1-882x1024.png 882w, https:\/\/ornoircanada.com\/wp-content\/uploads\/2026\/02\/20230314_120204-1-768x892.png 768w, https:\/\/ornoircanada.com\/wp-content\/uploads\/2026\/02\/20230314_120204-1-1323x1536.png 1323w, https:\/\/ornoircanada.com\/wp-content\/uploads\/2026\/02\/20230314_120204-1-1764x2048.png 1764w\" sizes=\"auto, (max-width: 663px) 100vw, 663px\" \/><\/p>\n<h2><strong><span style=\"color: black;\"> Bienvenu sur le site web d\u2019Or-Noir-Canada<\/span><\/strong><\/h2>\n<p>(en contruction)<br \/>\n<span style=\"color: black;\">Acteurs dans le n\u00e9goce du cacao en C\u00f4te d\u2019Ivoire, en Afrique de l\u2019Ouest depuis 2021 gr\u00e2ce \u00e0<br \/>\nune exp\u00e9rience dans l\u2019achat de f\u00e8ves brutes bord champs aupr\u00e8s des producteurs, nous<br \/>\navons d\u00e9cid\u00e9, une fois au Canada plus pr\u00e9cis\u00e9ment \u00e0 L\u00e9vis au Qu\u00e9bec, de nous lancer dans<br \/>\nla transformation de ces f\u00e8ves aux multiples vertus pour l\u2019homme. C\u2019est ainsi que voit le jour<br \/>\nOr Noir Canada, entreprise de transformation agro-alimentaire Qu\u00e9b\u00e9coise, qui t\u00e9moigne de<br \/>\nnotre engagement envers la transformation du cacao avec z\u00e9ro d\u00e9chets, respectueux de<br \/>\nl\u2019environnement, tout en nous sp\u00e9cialisant dans la production d\u2019une gamme diversifi\u00e9e de<br \/>\nproduits, notamment des f\u00e8ves de cacao enti\u00e8res, des \u00e9clats de cacao, de la poudre de<br \/>\ncacao, du beurre de cacao, de la p\u00e2te et des m\u00e9langes de chocolats sp\u00e9ciaux.<\/span><\/p>\n<h2><strong><span style=\"color: black;\"><span style=\"color: black;\">Nos offres de produits comprennent :<\/span><\/span><\/strong><\/h2>\n<p><span style=\"color: black;\"><br \/>\n<strong>\u00b7 Des f\u00e8ves de cacao enti\u00e8res non d\u00e9cortiqu\u00e9es et torr\u00e9fi\u00e9es\u00a0<\/strong>: issues de petits<br \/>\nexploitants agricoles, ces f\u00e8ves sont issues de l&rsquo;agriculture biologique, garantissant<br \/>\ndes saveurs intenses et une production \u00e9thique. Id\u00e9ales pour les chocolatiers en qu\u00eate<br \/>\nd&rsquo;ingr\u00e9dients authentiques, nos f\u00e8ves de cacao enti\u00e8res constituent la base d&rsquo;une<br \/>\nfabrication de chocolat de haute qualit\u00e9.<br \/>\n<strong>\u00b7 Des \u00e9clats de cacao\u00a0: <\/strong>ces \u00e9clats croquants et riches en chocolat sont fabriqu\u00e9s \u00e0 partir de f\u00e8ves de cacao soigneusement s\u00e9lectionn\u00e9es, offrant un mariage parfait de<br \/>\nsaveurs et de textures. Ils constituent un excellent ingr\u00e9dient pour les consommateurs<br \/>\nsoucieux de leur sant\u00e9 qui aiment enrichir leurs repas en nutriments ou garnir leurs<br \/>\ndesserts.<br \/>\n<strong>\u00b7 Le beurre de cacao\u00a0:<\/strong> Authentique, naturel, utile pour l\u2019industrie du cosm\u00e9tique et<br \/>\nl\u2019industrie alimentaire.<br \/>\n<strong>\u00b7 La poudre de cacao naturelle sans additifs\u00a0:<\/strong> gr\u00e2ce \u00e0 des techniques de<br \/>\ntransformation avanc\u00e9es, notre poudre de cacao est finement moulue pour une qualit\u00e9<br \/>\net une saveur sup\u00e9rieure. Ce produit polyvalent s&rsquo;adresse aux p\u00e2tissiers et aux chefs<br \/>\namateurs souhaitant cr\u00e9er des recettes riches en chocolat tout en b\u00e9n\u00e9ficiant de la<br \/>\ncertification biologique.<br \/>\n<strong>\u00b7 Gru\u00e9e de cacao\u00a0:<\/strong> Pur et torr\u00e9fi\u00e9s.<br \/>\n<strong>\u00b7 Coques de cacao\u00a0:<\/strong> 100% naturels, biod\u00e9gradables et utilisable dans l\u2019agriculture biologique garantissent la politique z\u00e9ro d\u00e9chets d\u2019Or noir Canada.<\/span><\/p>\n<p><span style=\"color: black;\">OR noir Canada<\/span><\/p>\n","protected":false},"excerpt":{"rendered":"<p>Bienvenu sur le site web d\u2019Or-Noir-Canada (en contruction) Acteurs dans le n\u00e9goce du cacao en C\u00f4te d\u2019Ivoire, en Afrique de l\u2019Ouest depuis 2021 gr\u00e2ce \u00e0 une exp\u00e9rience dans l\u2019achat de f\u00e8ves brutes bord champs aupr\u00e8s des producteurs, nous avons d\u00e9cid\u00e9,<\/p>\n<p><a href=\"https:\/\/ornoircanada.com\/\" class=\"awp-btn awp-btn-secondary awp-btn-bubble\">Continue Reading<span class=\"screen-reader-text\">Nos Services<\/span><i class=\"fa fa-arrow-right\"><\/i><span class=\"bubble_effect\"><span class=\"circle top-left\"><\/span><span class=\"circle top-left\"><\/span><span class=\"circle top-left\"><\/span>\t<span class=\"button effect-button\"><\/span><span class=\"circle bottom-right\"><\/span>\t<span class=\"circle bottom-right\"><\/span><span class=\"circle bottom-right\"><\/span><\/span><\/a><\/p>\n","protected":false},"author":1,"featured_media":0,"parent":0,"menu_order":0,"comment_status":"closed","ping_status":"closed","template":"","meta":{"footnotes":""},"class_list":["post-54","page","type-page","status-publish","hentry"],"_links":{"self":[{"href":"https:\/\/ornoircanada.com\/index.php?rest_route=\/wp\/v2\/pages\/54","targetHints":{"allow":["GET"]}}],"collection":[{"href":"https:\/\/ornoircanada.com\/index.php?rest_route=\/wp\/v2\/pages"}],"about":[{"href":"https:\/\/ornoircanada.com\/index.php?rest_route=\/wp\/v2\/types\/page"}],"author":[{"embeddable":true,"href":"https:\/\/ornoircanada.com\/index.php?rest_route=\/wp\/v2\/users\/1"}],"replies":[{"embeddable":true,"href":"https:\/\/ornoircanada.com\/index.php?rest_route=%2Fwp%2Fv2%2Fcomments&post=54"}],"version-history":[{"count":15,"href":"https:\/\/ornoircanada.com\/index.php?rest_route=\/wp\/v2\/pages\/54\/revisions"}],"predecessor-version":[{"id":128,"href":"https:\/\/ornoircanada.com\/index.php?rest_route=\/wp\/v2\/pages\/54\/revisions\/128"}],"wp:attachment":[{"href":"https:\/\/ornoircanada.com\/index.php?rest_route=%2Fwp%2Fv2%2Fmedia&parent=54"}],"curies":[{"name":"wp","href":"https:\/\/api.w.org\/{rel}","templated":true}]}}